late the highest common divisor of y and c.
12
Let u(x) = 3*x**3 + 3*x - 5*x**2 + 2 + x**3 - 3*x**3. Let q be u(5). Let i be (-224)/(-392) + 2134/14. Calculate the greatest common factor of i and q.
17
Suppose 17*u - 2*a - 68 = 12*u, a = 2*u - 28. What is the highest common divisor of u and 9?
3
Let o be (1 - (4 - 5))*22. What is the greatest common factor of o and 44?
44
Let j(r) = r**3 + 6*r**2 + 7*r + 4. Let g be j(-4). Suppose -5*q - 3*a + 183 = 0, q = 35*a - 37*a + 38. Calculate the greatest common divisor of g and q.
4
Let k = -847 + 851. Let t(u) = 2*u - 6. Let b be t(8). Calculate the highest common divisor of k and b.
2
Let m be 2/6 - 84/36. Let z = m - -6. What is the greatest common divisor of 44 and z?
4
Let z be (-1 + 2)/((-416)/60 - -7). Calculate the greatest common divisor of z and 285.
15
Let m = 477 - 475. Let n = 34 + -24. Suppose 74 = s + 2*w - w, -m*w = -n. What is the highest common divisor of s and 23?
23
Suppose -59 = 4*d - 279. Let q = d + -15. Suppose -134 + 34 = -5*x. What is the highest common factor of q and x?
20
Let y(t) = t**2 + 6*t + 7. Let x be y(-6). Let w(q) = 5*q + 17. Let j be w(-7). Let a be 4/j + (-1040)/(-144). What is the highest common divisor of a and x?
7
Suppose 0 = -10*k + 239 + 321. Calculate the highest common divisor of k and 8.
8
Suppose s - 66 = 5*v, 58*s - 4*v = 54*s + 216. Calculate the highest common divisor of 119 and s.
17
Suppose -47*c + 244 = -43*c. Suppose -9*x = c - 178. Suppose -5*z + 455 = -0*z. Calculate the greatest common divisor of x and z.
13
Suppose 5*s = 2*a + 144, -98*s + 2*a = -97*s - 32. Calculate the highest common divisor of s and 126.
14
Let d be (120/(-36))/((-4)/6). Suppose 0 = -2*v - d*r + 88, -2*v - 3*r + 64 = -4*r. Calculate the greatest common divisor of 374 and v.
34
Let t = 1341 + -1270. What is the greatest common factor of t and 639?
71
Let x be (3 - -1) + -4 - -2. Suppose 3*v = x + 19. Suppose 69 = v*d - 99. What is the highest common factor of d and 6?
6
Let l = -1718 - -2532. Calculate the highest common divisor of l and 11.
11
Suppose 2*j - 11 = 3. Suppose 111 = j*m - 50. Calculate the highest common factor of 161 and m.
23
Let b be 108/45 - (-4)/(-10). Suppose 2*n + 0*r - 3*r = 17, 0 = -2*n - r + 21. What is the greatest common divisor of b and n?
2
Let r(j) = j**3 + 7*j**2 + 5*j + 4. Let f be r(-6). Suppose 29*x - 270 = 11*x. Calculate the highest common divisor of f and x.
5
Let u = -11 + 11. Suppose l = -u*l + 40. Let c be 5*14/(-21)*(-3)/2. What is the greatest common factor of c and l?
5
Let b(n) = -5*n + 2*n**2 - 10 - 8 + 9. Let g be b(5). What is the highest common divisor of g and 16?
16
Let m(r) = 6*r. Let j be m(-3). Let q be (-6)/(-27) + (-176)/j. Let x(b) = -b**2 - 13*b - 12. Let i be x(-11). What is the greatest common factor of i and q?
10
Suppose 2*s - 5*u + 21 = 0, 4*s + 2*u = 6 + 12. Suppose -5*f + d + 178 = 0, -s*f - d + 70 = -2*d. Calculate the highest common factor of 54 and f.
18
Let k(t) = -2*t**3 - 7*t**2 - 8*t - 8. Let j = 153 + -157. Let x be k(j). Calculate the highest common factor of x and 8.
8
Let f = -1 - -20. Let u = 16 + f. Calculate the greatest common factor of 280 and u.
35
Let l(k) = -k - 17. Let b be l(-12). Let j = b + 2. Let d(g) = g**2 + 2*g + 3. Let o be d(j). Calculate the greatest common divisor of 6 and o.
6
Suppose 785 = -7*m + 1912. What is the greatest common divisor of m and 115?
23
Suppose -39 - 56 = -5*w. Suppose 5*o - 16 = w. Let t be 3*o/((-84)/(-320)). Calculate the greatest common divisor of 32 and t.
16
Let m(x) = x**3 + 5*x**2 + 2*x + 3. Let t be m(-5). Let b = -8 - t. Let g be (-328)/(-56) - b/7. What is the highest common factor of g and 3?
3
Let c = 15 - 12. Let d = -14 - -18. Suppose -j = j - 5*f - 51, 21 = j - d*f. Calculate the greatest common divisor of c and j.
3
Suppose 61 = -3*q + 4*t, 0 = 2*t - 5 - 3. Let y be 0 - (-6)/q - (-457)/5. Calculate the highest common divisor of y and 13.
13
Let o = 50 - -4. Calculate the highest common divisor of 42 and o.
6
Suppose 0 = 4*i - 10*i + 36. What is the greatest common factor of 3 and i?
3
Let m(v) = v**2 - 22*v - 45. Let z be m(23). Let b be ((-55)/z)/(1/2). What is the greatest common divisor of 15 and b?
5
Let s be 390/33 + (136/22 - 6). What is the greatest common divisor of s and 21?
3
Let z = 505 - 437. Calculate the highest common factor of z and 34.
34
Let l(d) = -15*d - 4. Let u be l(-4). Let g(m) = -40*m + 808. Let z be g(20). What is the highest common factor of u and z?
8
Let v be 5/(15/6) + 2. Suppose 25 = 6*k + 1. What is the highest common divisor of v and k?
4
Let v(f) = f**2 - 9*f - 30. Let h be v(-4). Calculate the highest common factor of h and 814.
22
Let h(r) = 24*r + 10. Let m(f) = 3*f - 19. Let p be m(8). Suppose 0*w + p = w. Let k be h(w). What is the highest common factor of k and 26?
26
Let y be 2210/4*(-64)/(-80). What is the highest common factor of y and 26?
26
Suppose -4*z = -192 - 276. Let y be (-1)/((-1)/(-2) + z/(-198)). What is the highest common factor of y and 55?
11
Let q = -1047 - -1963. What is the greatest common factor of q and 4?
4
Suppose -8*s - 12*s = -160. Suppose z + 2*z - 9 = 0. Suppose 5 - 34 = -4*q + z*m, 1 = m. Calculate the highest common factor of s and q.
8
Let s be 1/((-66)/(-176) - (-2)/(-8)). What is the highest common divisor of 296 and s?
8
Suppose -3*m = -3*w - 2670, -5*m - 195 = -w - 4637. What is the highest common divisor of m and 37?
37
Suppose 0 + 20 = 5*f. Suppose -3*h + 2*v + 62 = 4*v, 2*h + 2*v = 40. Suppose 7*x - h = 174. Calculate the greatest common divisor of f and x.
4
Suppose 4*l - 3*l - 280 = 0. Let z be (1/2)/(1/l). Let y = 72 + -16. Calculate the greatest common factor of y and z.
28
Suppose 0 = -4*y - y + 480. Let w(v) = -48*v**3 - 2*v**2 - 4*v - 2. Let x be w(-1). Calculate the highest common divisor of y and x.
48
Suppose 0 = 4*i - 5*q - 204 - 292, -5*i - 5*q = -665. Suppose -12*r + 171 = -i. Calculate the greatest common divisor of 10 and r.
5
Let m(j) = -j**3 + 3*j**2 - 2*j + 3. Let q be m(3). Let y be q + (-142)/(-8) + 9/36. What is the greatest common factor of y and 165?
15
Let q(n) = 9*n - 1. Let c(l) = -5*l. Let t(z) = 5*c(z) + 3*q(z). Let y be (-12)/30 - 48/(-20). Let k be t(y). What is the greatest common factor of k and 5?
1
Let t = 18 + -9. Let f be (27 + -5 + 5)/((-18)/(-48)). Calculate the highest common factor of t and f.
9
Let v = 256 - 208. Calculate the highest common factor of 24 and v.
24
Let m(s) = s**3 + 2*s**2 - 6*s - 6. Let x = -11 - -7. Let g be m(x). Let q be (-1998)/g + 4/14. Calculate the greatest common divisor of 13 and q.
13
Let p(w) = w**3 - 4*w**2 + 3*w - 26. Let k be p(6). What is the highest common divisor of 80 and k?
16
Let s = 6 - -1. What is the greatest common divisor of s and 42?
7
Suppose 0 = -3*g + 2*w + 40, -4*g + w = -0*w - 55. Let j be (-1)/((-28)/4) - (-4981)/119. Calculate the greatest common factor of g and j.
14
Let l = 183 + -163. Calculate the greatest common factor of 100 and l.
20
Suppose -2*z = b + 4, 6*z = 3*z - 15. Suppose b*o - 9*o - 4*g + 51 = 0, -3*g = 3*o - 54. What is the greatest common divisor of 63 and o?
21
Suppose 0*a + 2*t = -a - 4, 5*a - 5*t = 25. Suppose 0 = -2*j + j + a. Let l(n) = 4*n + 4. Let c be l(j). What is the greatest common divisor of 6 and c?
6
Let j = 947 - 833. What is the greatest common divisor of j and 2?
2
Let h = 177 + -132. Calculate the greatest common factor of h and 105.
15
Let g = 91 - 50. Let s = g - 90. Let t be (-518)/s - (-6)/14. Calculate the highest common factor of t and 44.
11
Let d be (1/(-1) + (-1 - -3) - -1) + 34. Let s be 2/(-2 + 15/6). Calculate the highest common factor of d and s.
4
Suppose -3*m - 8017 + 32161 = 0. Let f be (-2 - 26/(-12)) + m/96. Calculate the greatest common divisor of f and 21.
21
Let z(w) be the first derivative of w**4/4 - 11*w**3/3 + w + 4. Let m be z(11). What is the greatest common factor of 21 and m?
1
Suppose -250*q + 206*q = -2816. Calculate the greatest common factor of q and 2.
2
Let c be (-112)/(-20) - 3/5. Suppose 0 = c*f + 4*f - 81. What is the greatest common factor of 3 and f?
3
Let y = 17 - 20. Let u be (0 - y/(-4))*(-2 - 2). What is the greatest common divisor of 33 and u?
3
Let q(p) = -p**2 - 11*p - 21. Let x be q(-7). Suppo